 z(6). Let f = r - u. What are the prime factors of f?
2
Suppose 5*l - 149 + 139 = 0. Suppose -l*u - 26*x + 30*x + 1106 = 0, -x = -4*u + 2212. List the prime factors of u.
7, 79
What are the prime factors of ((-1638)/27)/(3 - (-12504)/(-4167))?
2, 7, 13, 463
List the prime factors of -3 + 25026 - ((-64)/(-10) - (-2)/(-5)).
3, 31, 269
Let q(v) = 5*v**2 - 108*v + 117. List the prime factors of q(52).
13, 617
Suppose 0 = -2*z + 6 + 18. Suppose -z*q + 42 = -198. Let n = 16 + q. List the prime factors of n.
2, 3
Let d(q) = -15*q - 125. Let o be d(-7). What are the prime factors of (-65702)/(-65) - ((-16)/o - 0)?
2, 5, 101
List the prime factors of (-7 - -4)/((0 - -1)/(72989/(-21))).
10427
Suppose 0 = -10*i - 16 - 44. What are the prime factors of 2744/i*42/(-28)?
2, 7
Let h = 38 + -18. Suppose 0 = 4*n - h, w = -w - 3*n + 311. What are the prime factors of w?
2, 37
Let k = -3511 - -3628. What are the prime factors of k?
3, 13
Suppose -2*b = -3*y + 36825, 0 = 8*y - 7*y + 2*b - 12283. What are the prime factors of y?
12277
Let q(w) = -19 + 10*w + 5 - 30. Let d be q(7). Suppose 4*z - d = -5*b + 397, z + 5*b - 117 = 0. List the prime factors of z.
2, 3, 17
Suppose 8 = -2*t, -5*d + 103*t - 101*t = -51183. What are the prime factors of d?
5, 23, 89
Suppose -n - 5 = -2*n - c, 4*n = c + 15. Suppose -3*s = 5*o + 8443, -10*o - 1690 = -9*o + 2*s. What are the prime factors of o/(-32) + 1/n?
53
Suppose -47*t + 553297 + 1077650 = 0. What are the prime factors of t?
3, 43, 269
Let t(o) = o**3 - 62*o**2 - 37*o + 844. List the prime factors of t(63).
2, 17, 73
Suppose 3*o = 5*q + 45780, 15258 = -132*o + 133*o - 2*q. List the prime factors of o.
2, 3, 5, 509
Suppose 0 = -3*c - r + 4*r + 9, 3*r - 47 = -5*c. Let t(d) = -d + 1. Let s(p) = p**3 - 4*p**2 - 11*p + 1. Let l(j) = s(j) - t(j). List the prime factors of l(c).
7, 11
Let f be -1*2/(-3) + (-3093)/9. Let x = -219 - f. Suppose 3*o + x = 358. What are the prime factors of o?
2, 3, 13
Suppose 30 = 6*s - 3*s. Let w be (s/(-5) - -230) + -3. Suppose -p = 2*p - w. What are the prime factors of p?
3, 5
Let x(i) be the third derivative of -2/3*i**3 - 1/120*i**6 + 0*i + 0 + 1/8*i**4 - 1/15*i**5 - 26*i**2. List the prime factors of x(-7).
2, 61
Let c be 12419/44 - (-12)/16. Suppose 0 = 2*m - 681 - c. What are the prime factors of m?
2, 241
Suppose -o + 5*h = -5840 + 14, -2*o + 11722 = 4*h. What are the prime factors of o?
5851
Suppose 0 = 4*g - 0*g + 5*i - 577, 154 = g - 2*i. Suppose g + 3 = -2*r - m, -m = -3*r - 234. What are the prime factors of (r + 0)*(-7 + 5)?
2, 7, 11
Let w = -5336 - -12053. List the prime factors of w.
3, 2239
Let s = 293 + -265. Suppose s*r + 687 = 2927. List the prime factors of r.
2, 5
Let n(s) = 3*s. Let k be n(7). Suppose -5*b = 1 - k. Suppose 3*g = 5*g - 3*a - 161, 2*g - 156 = b*a. List the prime factors of g.
2, 11
List the prime factors of (-483)/(-6)*(-924116)/(-1442).
23, 2243
Suppose -2*h - 4*z + 386 = 0, 2*h + z = 453 - 58. What are the prime factors of h?
199
Let t(b) = 2*b**2 + 21*b + 13. Let k be t(-10). Suppose 0 = 3*x + x - 3*i - 1234, k*x - 934 = -2*i. What are the prime factors of x?
2, 5, 31
Let j(w) be the first derivative of 22*w**3/3 + 3*w**2 + 15*w - 202. List the prime factors of j(-4).
7
Let l = -58 + 62. Suppose -l*m + 3*m = -264. Suppose 3 = -3*h + m. What are the prime factors of h?
3, 29
Suppose -5*q - 42 = 2*q. Let z be 11 + 5/((-10)/q). List the prime factors of 4/z + 897/21.
43
Suppose 203*i = -156*i. Let v be ((-48)/(-2))/2 - 0. Suppose i*u + 144 = v*u. What are the prime factors of u?
2, 3
Suppose -8*l - 50 = -3*l. Let z(d) = d**2 - 12*d - 6. Let g be z(l). Suppose -v - 107 = -f, 0*v = 2*f - v - g. List the prime factors of f.
107
Suppose 0 = 4*j - 0*j - 8, -3*g + 4*j + 88 = 0. Let m = -28 + g. Suppose m*p + 4*f = 36, 3*f - 16 = -4*p + 25. What are the prime factors of p?
2, 7
Let y = -3619 + 20057. List the prime factors of y.
2, 8219
Let o(x) = 17*x**2 - 10*x - 10. Let j be (-2 - 0) + 75/90*6. List the prime factors of o(j).
113
Let j(u) = -u**3 + 17*u**2 + 3*u - 8. Suppose 18 = 3*w - 3. List the prime factors of j(w).
503
Let q(j) = 2*j + 3*j + 8 + 0 - 2*j. Let g be q(-2). Suppose -a + 230 = g*x, -5*a - x + 1190 = x. What are the prime factors of a?
2, 3, 5
Let z(t) = 3*t + 18. Let m be z(-7). Let i be (-3 + 3)*(m - -2). Suppose -2*a + 0*a + 218 = 2*w, i = -3*w. What are the prime factors of a?
109
Let y(g) = -g**3 - 8*g**2 + 8*g - 2. Let a be y(-9). What are the prime factors of 2698/(14/a) - 0?
19, 71
Let t = 11161 - 6518. Suppose 83 - t = -20*r. What are the prime factors of r?
2, 3, 19
Suppose -5*c + f + 5913 + 18497 = 0, -4*f + 4861 = c. List the prime factors of c.
3, 1627
Suppose -4*q - 61 = -3*r, -5 = -r - 3*q - 2. Suppose 0 = 3*h - r, 2*h - 244 = 5*d - 2089. List the prime factors of d.
7, 53
Let x = 27239 + -15663. List the prime factors of x.
2, 1447
List the prime factors of (-1 + 84/60)*-10 - -49916.
2, 17, 367
Suppose 0 = 130*x - 120550 - 5678360. List the prime factors of x.
3, 14869
Let x = -60 - -32. Let g = x - -30. Suppose b + r = -r + 117, 3*b = -g*r + 367. List the prime factors of b.
5
Suppose -79*r - 217791 = -483945 - 1024864. What are the prime factors of r?
2, 8171
Suppose 476 = 23*p + 16. List the prime factors of 12/4 - (-53 - p).
2, 19
Let l be ((-1)/2)/((-1)/14). Suppose 0*k - l = -k. Suppose -3*h + k*h = -2*m + 226, -h + 238 = 2*m. What are the prime factors of m?
11
Let f(b) = 3*b**2 + b - 26. Suppose 4*x + 31 + 31 = -5*l, -2*x - 38 = -l. List the prime factors of f(x).
2, 29
Let x = -1912 + 1915. Suppose -3*z = -2*z - 5. Suppose -4*f + r = -64, -x*f + 11 = -z*r - 37. What are the prime factors of f?
2
Let t(v) = 8*v**2 - 2*v - 2. Let q = -96 - -96. Suppose 11*p - 7*p + 16 = q. List the prime factors of t(p).
2, 67
What are the prime factors of (10 - 602395/76)*24/(-9)?
2, 5, 2111
Suppose 6906 = 5*u - n, 7*u - 9*u + n = -2763. Suppose -2*i = -p + 465, p - 4*p - i = -u. List the prime factors of p.
461
What are the prime factors of ((-9)/255*-17)/((-1)/(-7505))?
3, 19, 79
Let r = 81 + -79. Let j be r + (5 - -1) - 3. Suppose 2*u + j*w = 278, 3*w = u - 0*u - 117. List the prime factors of u.
3, 43
Let q(z) = -z**3 - 19*z**2 - 21*z + 16. Let p be q(-17). Let j be 1 + p + -13 + 9. Let r = j + 359. What are the prime factors of r?
151
Suppose q + 4*p - 24 = 3*p, -5*p = 0. What are the prime factors of 7*((-1)/4 + 582/q)?
2, 3, 7
Let d = 425 + -308. Suppose -k = -568 + d. List the prime factors of k.
11, 41
Suppose -7*u = u - 10264. Let b = u + -814. What are the prime factors of b?
7, 67
Suppose 0 = -8*r - 2 + 42. Let f be -1 + r - (-3)/3. Suppose 0*p + f*p - i = 342, -p = -4*i - 57. What are the prime factors of p?
3, 23
Suppose 5*x = -2*c + 11677, 3*c - 4*x + x - 17442 = 0. What are the prime factors of c?
5821
Let i = 987 - 698. Let r = 68 - -126. Let u = i - r. What are the prime factors of u?
5, 19
Suppose b = 6 - 3. Suppose 0 = -60*c - 12*c + 4320. Let s = b + c. What are the prime factors of s?
3, 7
What are the prime factors of (35*1/2)/((-16)/363648*-12)?
5, 7, 947
Suppose 13*d = 2*b + 11*d - 1384, -d = 3*b - 2084. What are the prime factors of b?
2, 347
Suppose -5*j + 14150 = 4*b, 372*b + j = 367*b + 17677. List the prime factors of b.
5, 7, 101
Let j be -13 + 10 - (1 - 1). Let z be (j/((-3)/5))/1. Suppose -2*i + 3*h + 250 = 0, 2*h = z*i - 205 - 420. List the prime factors of i.
5
Let r(m) = -132*m - 147 + 77*m - 208*m - 3. What are the prime factors of r(-6)?
2, 3, 7, 17
Suppose -15*h - 5616 = -19*h. Suppose -3*x = 3*x - h. What are the prime factors of x?
2, 3, 13
Let z = 3578 + -1449. List the prime factors of z.
2129
Suppose 0 = -5*d + 2*u - 2987, 5*d = 9*d - 4*u + 2380. Let m = 131 - d. List the prime factors of m.
2, 5, 73
Suppose -133*s = -109*s - 626664. List the prime factors of s.
26111
Let p = 295 + -80. Suppose 0 = 15*k - 470 - 145. Let a = p + k. What are the prime factors of a?
2
Suppose -17*f + 2 = 87. What are the prime factors of (-18)/(45/f) - -587?
19, 31
Suppose 4*h + 15 = -4*v - 13, -4*v = h - 5. Let c = h - -15. Suppose 0 = s - 3*i - 14, 31 + 49 = 4*s - c*i. List the prime factors of s.
23
Let u(j) = j**3 + 39*j**2 - 35*j + 73. Let y be u(-40). Let k = y + 229. What are the prime factors of k?
2, 3, 1